 - -31. Suppose 0 = -3*h - 2*h + 6940. Suppose q = 4*x + z*q - h, -5*x + 3*q + 1735 = 0. Is x a prime number?
True
Let y(s) = -s**2 + 4*s + 4. Let f be y(4). Suppose 2*k - f*g = -4770, 2*g + 426 = -k - 1959. Is k/(-18)*8/10 a prime number?
False
Let c be (141/(-6))/((-5)/30). Suppose -4*m = -c + 29. Let v = m + 9. Is v composite?
False
Let l(g) = 192*g**3 + g**2 + 2*g. Let n be l(-1). Let q = n + 354. Is q a composite number?
True
Let a(b) = 3*b + 33. Let x be a(-11). Suppose x = v + 5*v - 2010. Is v composite?
True
Suppose 3*q = -2*q + 90. Let j = -16 + q. Is (j/(-2))/((-3)/1041) a composite number?
False
Let r be (4 - 33/15)*15. Let b = r - 25. Suppose 4*x + 166 = b*j, -2*x = 3*x. Is j prime?
True
Suppose 10*v - 9*v - 12 = 0. Let m = -13 + v. Let c(b) = -292*b**3 + 2*b**2 - 1. Is c(m) composite?
False
Let c(z) = z - 3. Let n be c(8). Suppose 0 = -n*f - 2*v - 314, 84 = 4*f - v + 343. Let k = -39 - f. Is k a composite number?
True
Suppose 2*f = -t + 8, 95 = 5*t + 10*f - 11*f. Suppose t*v - 17*v = 557. Is v a composite number?
False
Let h(t) = 3*t**2 - 13*t + 21. Let r(p) = -p**3 - 8*p**2 + 8*p + 5. Let m be r(-9). Let v be h(m). Let l = -216 + v. Is l a prime number?
True
Let f = 1166 - 768. Suppose -2*p + f - 136 = 0. Is p a prime number?
True
Let m(v) = 2*v**3. Let s be m(-1). Is (2/3)/(s/(-993)) composite?
False
Let z = 45 + -37. Suppose -z*t + 2598 + 962 = 0. Is t prime?
False
Suppose 4*s = 20140 + 2664. Is s prime?
True
Let t(w) = 28*w**2 + 3*w - 75. Is t(8) a prime number?
True
Let i(m) = 3*m**3 - 18*m**2 + 6*m - 11. Let p(n) = -n**3 + n**2 - n - 1. Let w(k) = -i(k) - 4*p(k). Is w(-12) prime?
False
Let p(s) = 675*s + 32. Let z be p(8). Suppose 11*c - 3*c - z = 0. Is c prime?
False
Is 14/77 + 2/(66/10125) a composite number?
False
Let d(n) = -39*n - 1. Let c be (6*4/8 - 1)*-5. Is d(c) a prime number?
True
Let u(g) = 47*g**2 - 8*g + 41. Is u(-10) a composite number?
True
Let x = 389 - 166. Is x a composite number?
False
Suppose 0 = -g + 5*s + 26, -4 = -s + 2*s. Suppose -y - 3*y = -236. Is -8 + g - (2 - y) prime?
False
Suppose -7981 = -39*q + 12338. Is q composite?
False
Suppose 5*n = 5*c - 70, 2*c = -c - n + 38. Suppose 2*h - c = 55. Is h a prime number?
False
Suppose 2*z = 2 + 12. Suppose -4971 = z*r - 10*r. Is r prime?
True
Let m(o) = 45*o + 24. Let s(k) = -46*k - 23. Let p(z) = 3*m(z) + 2*s(z). Is p(11) prime?
True
Let p(n) = 1824*n - 7. Is p(6) prime?
True
Is (-157)/((-14)/(-63) - 55/207) a prime number?
False
Let h(m) be the third derivative of m**5/60 + 5*m**4/12 - 3*m**3/2 + 3*m**2. Let d be h(-11). Suppose -d*i = -3*i + 319. Is i prime?
False
Let j(a) = a**3 + 25*a**2 - 26*a - 9. Let s be j(-26). Let c(n) = 16*n**2 + 13*n - 5. Is c(s) a prime number?
False
Let k = -80 + -36. Let o = 263 - k. Is o a prime number?
True
Suppose -1 - 9 = -5*v. Suppose v*c + 3*c = 10. Suppose c*o = 3*o - 2. Is o composite?
False
Suppose 3*q = 2*q, 0 = -5*i - q + 80. Let j be (-9)/4 + 4/i. Is j/8 - (-4458)/8 prime?
True
Let j be (-74)/(-3)*-9*(-82)/6. Suppose -j = -6*o + 2228. Is o a prime number?
True
Suppose -18*l + 16*l = -452. Is l a composite number?
True
Let n be 520/6*(-21)/(-2). Let l(w) = -w**2 + 18*w - 43. Let z be l(15). Suppose -n = -z*a + 204. Is a a prime number?
True
Let y(f) = -40*f**2 - 7*f - 10. Let r be y(-4). Let k = -241 - r. Is k a composite number?
True
Suppose 3*a = 5*a - 8, -3*a = 3*i - 6576. Suppose -b + 5*k + i = 0, -5*k + 10 = -5. Is b a prime number?
True
Let j = -21508 - -57695. Is j composite?
False
Let h(k) = -k**3 - 21*k**2 + 8*k - 29. Is h(-26) a prime number?
False
Suppose -2*t = -10*t - 2528. Is (t/6)/((-12)/18) composite?
False
Let w(p) = 8778*p**3 + p**2 + p - 1. Is w(1) composite?
False
Let v(n) = -n**3 + 4*n**2 + 22*n - 3. Let c be v(7). Is ((-3242)/(-4))/(c/8) composite?
False
Suppose 3*h - 72 = -6. Let o = h + -37. Is (-5)/((-25)/o) - -118 a prime number?
False
Suppose 11*q + 18*q = 145783. Is q composite?
True
Let d(w) = 21*w**2 - w - 6. Let k be d(-5). Let n = k - 795. Let b = n - -578. Is b prime?
True
Suppose 4*u = 3*i - 8188, 5656 = -4*u + 2*i - 2536. Let n = 4037 + u. Is n composite?
False
Suppose 3*d = 5*g + 1, 0*d + 3*g - 19 = -d. Suppose d*y - 10*y = -483. Is y a prime number?
False
Suppose 0 = 10*f - 3 + 3. Is (5/(-15) - f) + 22530/9 a prime number?
True
Let t = 271 + 1140. Suppose 4*b - 6013 + t = -2*f, 3*b - 3452 = -f. Is b a prime number?
True
Let c(w) = 19*w + w + 0 + w + 4. Is c(11) a composite number?
True
Suppose -50*y + 146343 = -251707. Is y a composite number?
True
Let z = 353 - 234. Let a(r) = -r**2 + r - 82. Let y be a(0). Let t = z + y. Is t prime?
True
Let j be (-1)/(-4) + 47688/(-32). Is (-66)/(-55)*j/(-4) a composite number?
True
Let l be 1751 + 1*-1 + 0. Let k(t) = -539*t + 19. Let g be k(-2). Let m = l - g. Is m composite?
False
Let w(m) = 283*m**2 + 20*m - 39. Is w(2) a composite number?
True
Suppose 4919 + 15347 = 2*v. Is v composite?
False
Suppose -f - f = -4*t + 1050, 520 = 2*t + 4*f. Is t a prime number?
False
Let y(k) = 2*k**3 - 4*k**2 - 2*k + 2. Let q be y(3). Suppose -17*g + q*g = -9354. Is g a composite number?
True
Suppose -9*f - 2058 + 150 = 0. Let a(i) = 34*i**2 - 3*i + 5. Let m be a(4). Let y = m - f. Is y a composite number?
True
Let b be 40/15*(-9)/2. Let u(z) = -z + 2. Let t(o) = 5*o - 8. Let l(h) = -2*t(h) - 9*u(h). Is l(b) a composite number?
True
Let h be (-15 + 3)*(-1)/2. Let c = h - 1. Let n(m) = m**2 + 2*m - 2. Is n(c) a prime number?
False
Suppose -6*c - 16894 + 4402 = 0. Let x = c + 2953. Is x a composite number?
True
Suppose 0 = -11*c + 13*c. Suppose c = o - 16 - 31. Is o a composite number?
False
Let l(y) be the second derivative of -y**4/12 - y**3/6 - 5*y**2/2 - 3*y. Let h be l(-13). Is (h/(-2))/((-2)/(-4)) a prime number?
False
Suppose 2*o + 3*m - 35 = -2*o, 0 = -3*o - 2*m + 25. Suppose o*f + 10 = 0, -119 = -g - 2*f + 99. Is -1 + g + -1 + 1 a composite number?
True
Suppose -y = 3*y - 36. Let k = 14 - y. Let f(w) = 20*w**2 + w - 6. Is f(k) a prime number?
True
Let y = 4861 + -2282. Is (1 + -2)/((-1)/y) a prime number?
True
Let r(v) = 146*v**3 + v**2. Let g be r(1). Suppose -l + g = -64. Is l composite?
False
Let y(c) = -c**3 + c**2 - 2*c + 223. Let m(u) = u**3 + 3*u**2 - 2*u + 8. Let s be m(-4). Is y(s) a composite number?
False
Let s = 14 + -11. Suppose -s*a - 13 = -2*a. Let m = 64 + a. Is m prime?
False
Is 0*(-1)/5 - (-17521 - 1) composite?
True
Suppose 3*n - 8*n = -1415. Let p = 468 - n. Suppose k - 5*q = -2*q + p, 3*k + 5*q - 583 = 0. Is k a prime number?
True
Let x(h) = 18*h**2 - 2*h + 11. Is x(-4) a composite number?
False
Let w(t) be the second derivative of 67*t**3/6 + t**2 + 5*t. Let f be w(-2). Is (-3)/2*f/9 a prime number?
False
Let c(h) = h**3 - 13*h**2 + 14*h - 10. Let a be c(12). Is (-35)/a*246/(-5) a prime number?
False
Let b = 3309 - 830. Is b a prime number?
False
Suppose -4*z - 104 = -64. Let r(n) = 4*n - 8. Let a(k) = 4*k - 7. Let i(y) = 5*a(y) - 6*r(y). Is i(z) a prime number?
True
Let g = 19755 + -3704. Is g composite?
True
Let g(m) = 1670*m**2 - 2*m - 2. Let q be g(-1). Suppose 3*t + 0*f = -3*f + 1656, 3*t - q = 4*f. Is t a prime number?
False
Is ((-147)/(-14))/((-3)/(-922)) composite?
True
Let q(n) = 11*n**3 - 2. Suppose 0 = 3*f - 3*x - 0*x, 0 = 4*f - 3*x - 3. Is q(f) prime?
False
Suppose -4*p + 2*b = b - 8, -b - 11 = -5*p. Let w(x) = 204*x**2 - 4*x. Let u be w(p). Is u/10 - (-24)/40 prime?
False
Let s = -36 - -39. Suppose 2*v + 5*g - 2083 = 2*g, -1046 = -v + s*g. Is v a composite number?
True
Let f = 165 + -35. Suppose 415 = 11*t - 16*t. Let k = t + f. Is k prime?
True
Let g(h) = h**2 - 6*h + 10. Let j be g(4). Suppose j*b + 5*b = 973. Is b a prime number?
True
Suppose 0 = -5*v + 914 + 456. Suppose 5*p + 0*a + 5*a - 15 = 0, 5*p - 3*a = 15. Suppose -5*k - 2*s - 3*s + 450 = 0, s + v = p*k. Is k prime?
False
Suppose 0 = -5*w + 2*w - 63. Let t = w - -40. Is t a composite number?
False
Suppose -4*i + 3*h - 10163 + 87355 = 0, 0 = -4*i + 4*h + 77188. Is i composite?
False
Suppose -1018 - 252 = -10*s. Is s prime?
True
Let r = 2314 - 93. Is r prime?
True
Suppose -4*v = v, k - 9128 = -v. Suppose p + k = 3*a + 6*p, -p - 15204 = -5*a. Is a prime?
True
Let t = -14052 + 24935. Is t a composite number?
False
Let l(q) = -q**3 - 11*q**2 + 13*q + 1